 and w?
44
Suppose -534*j = -538*j - 3*d + 68539, 17136 = j + 2*d. Calculate the greatest common divisor of 78 and j.
26
Suppose 893*z - 890*z - 5*h - 69 = 0, 0 = 5*z - 5*h - 105. Calculate the highest common divisor of z and 120.
6
Suppose -2*j = -3*j + 117. Suppose 3*c - z - 30 = 0, -93*z = 3*c - 91*z - 21. What is the highest common factor of c and j?
9
Suppose -3*i + 0 = -12. Let k = 21 + i. Suppose -13*v + 1612 = 637. Calculate the greatest common divisor of v and k.
25
Suppose -2*d + 3*g = -38, 28*g - 30*g - 12 = 0. Let b be 362/8 - (-4)/(-16). Calculate the highest common divisor of d and b.
5
Let h be -72*(-4 + (-88)/33). What is the highest common divisor of 30 and h?
30
Let q = -3255 + 3283. Calculate the greatest common divisor of q and 21.
7
Suppose 48878 - 43630 = 163*f - 69080. Calculate the greatest common factor of 4902 and f.
114
Let p = -1 + -11. Let v = p - -30. Suppose -7*t - 2772 = -29*t. Calculate the greatest common divisor of v and t.
18
Suppose -4*l - 3*k - 4 = 0, 0*l + 3*l = 2*k + 14. Suppose l*n = -6*n + 1080. What is the greatest common divisor of n and 45?
45
Let d(k) = 2*k**2 + 3*k + 5. Let q be d(0). Let i = 8 - 3. Suppose -3*v = -q*j + 30, v + i = 2*j - 7. Calculate the highest common factor of j and 21.
3
Let y be (5/(-10))/((-1)/(-2)). Let w be 7*(3 + y + (-16)/(-7)). What is the highest common divisor of w and 45?
15
Suppose 5*k - j - 1505 - 418 = 0, -4*j = -8. What is the greatest common factor of k and 105?
35
Let s be (6 - 5 - 1*2)*-5. Suppose s = z + 3*i - 6, -5*i - 5 = -3*z. Suppose -z*d + 209 = 49. Calculate the highest common factor of d and 128.
32
Suppose -4*i + 3*j + 1479 = 0, -i - 61*j + 374 = -66*j. Suppose 5*g = 4*m + 217, 2 - 8 = 2*m. What is the highest common divisor of i and g?
41
Let n(u) = -u**2 - 13*u - 7. Let j be n(-13). Let t be 407/(-7) - (-1)/j*-1. Let x be 18 + -19 + (1 + -2 - t). What is the greatest common factor of x and 32?
8
Let w(k) = -8*k + 80. Let q be w(-5). Suppose -112*m = -q*m + 176. What is the highest common factor of 176 and m?
22
Suppose 8 = -5*v + v. Let a(n) = 8*n**2 + 6*n + 2. Let t be a(v). Let z = -13 + t. Calculate the greatest common divisor of 18 and z.
9
Let h = 16 + -22. Let r = -3800 - -3823. Let v = h + r. Calculate the highest common factor of 68 and v.
17
Let i = -173 - -222. Suppose -i = -4*y + 39. Calculate the greatest common factor of y and 22.
22
Suppose 2*h - 4*f = -0*f + 3464, 2*h - 3494 = -f. Calculate the highest common factor of 327 and h.
109
Let r(l) = -3*l**3 - 6*l**2 + 5*l + 6. Let w be r(-3). Let s be (-104)/3*(-8)/(192/w). Suppose -1424 - 6 = -5*m. Calculate the highest common factor of s and m.
26
Suppose -151*j + 138*j - 26 = 0. Let b be j/((-5)/135*2). Calculate the greatest common factor of b and 216.
27
Let x = 29 - 15. Suppose -13*k + 1209 + 299 = 0. Let g = 118 - k. What is the highest common factor of x and g?
2
Let y(a) = -2*a - 5. Let o be y(-3). Let i be 6/(-3) - (-1 - 2/o). Let c be ((-80)/(-6))/((2/6)/i). Calculate the greatest common divisor of c and 10.
10
Let f(o) = -o**3 - 21*o**2 - 21*o - 14. Suppose -2*i + 4*i + 2*j + 36 = 0, 4*j = 8. Let c be f(i). Calculate the highest common factor of 6 and c.
6
Let s be 9205/(-80)*-6 - (-72)/(-192). Calculate the highest common factor of 30 and s.
30
Let t be (-2 - 7)*8/(-4). Suppose 0 = -4*z - 12, z - 3*z = -j + 9. Let q be j/t + (-29)/(-6). Calculate the highest common divisor of q and 25.
5
Suppose 2*k + 600 = 4*k. Let p = 895 - 883. Calculate the highest common factor of p and k.
12
Let t = 8 - -66. Let h(r) = -t - 4*r + 38 + 59. Let k be h(-7). What is the highest common divisor of 34 and k?
17
Suppose -4*d + 17 = v, d - 4 = v - 1. Suppose -30 = -d*x - 2*x. Suppose -6*g + 115 = -x. What is the greatest common factor of 40 and g?
20
Let f be (-1)/2 + 67/2. Let u = 41 - f. Let v be (1 - 2)/(u/(-648)). What is the greatest common factor of v and 27?
27
Suppose -2*z = -b + 1552, -2*b + 3*b = -z + 1546. What is the greatest common factor of 9 and b?
9
Let c = 63 - 101. Let k = -35 - c. Suppose -3*f - f = 0, k*i + 5*f = 45. Calculate the highest common factor of 120 and i.
15
Let x(w) = -w**3 - 23*w**2 - 128*w + 46. Let p be x(-8). What is the greatest common divisor of p and 1298?
22
Suppose -11*o + 183 = -14*o. Let g = -58 - o. Let f be ((-1)/2*g)/(24/(-48)). Calculate the greatest common factor of f and 1.
1
Let d be ((-256)/(-224))/(2/8 + 25/(-140)). Let r be ((-16)/12)/(2/(-384)). Calculate the highest common divisor of d and r.
16
Let o be (-170)/4*(7 + -6 - 7). Let m = o + -230. What is the highest common factor of 200 and m?
25
Suppose -6*i + 2*i + 672 = 0. Suppose n + 0*n + i = p, -5*p + 816 = 3*n. Let k = -5096 - -5111. What is the greatest common factor of k and p?
15
Suppose 3*r - 7 = -1. Suppose -r*p + 30 = 3*p - 5*b, 0 = 5*p + 4*b + 15. Let l be (14/8 - p) + 2/8. What is the greatest common divisor of 1 and l?
1
Suppose -25 = 5*u - 345. Suppose -4*t + u + 8 = 0. Calculate the highest common divisor of t and 81.
9
Suppose -3*k - 6*p + 852 = 0, 29*k - 30*k = -5*p - 256. Calculate the highest common factor of k and 8464.
92
Let k = -2972 - -3041. What is the highest common divisor of 161 and k?
23
Suppose -3*r + 109 = -23. Let i = -4 - -7. Suppose 0 = 2*d - i*d + 4. What is the greatest common divisor of r and d?
4
Let p be (4/(-6)*6)/1 + -96. Let d = p - -123. Suppose 45 = d*a - 20*a. What is the highest common factor of 75 and a?
15
Suppose 2*r + 6 = 3*r. Let q be (-1*(-2)/(-6))/(r/(-72)). Suppose 12 = q*w - w. What is the greatest common divisor of 8 and w?
4
Suppose 3*s + 906 = -4*b, 0 = 33*s - 28*s - 10. Let a = 255 + b. Calculate the highest common factor of 270 and a.
27
Suppose 64*v = 84*v - 6900. Calculate the highest common factor of v and 30.
15
Suppose s - 11 + 4 = -3*p, 4*p - s = 0. Suppose 42 = -10*c - 138. Let x be (c/(-12))/((-2)/(-4))*1. What is the highest common factor of p and x?
1
Let d(f) = -9*f - 69. Let a be d(-8). Suppose -4*n = 5*u - 1341 - 2660, -4*u + a*n + 3207 = 0. Calculate the greatest common factor of 89 and u.
89
Let n(i) = i**3 - 17*i**2 + 13*i + 47. Let q be n(16). Let u be (-115)/69*21/q*1. Calculate the highest common divisor of u and 7.
7
Suppose -2118 - 993 = -55*w - 251. Calculate the highest common factor of 598 and w.
26
Let m be (0 + -34)/(10/(-80)). Let c be (-1)/2 - (-1104)/32. What is the highest common divisor of c and m?
34
Let d(a) = -2*a**2 + 23*a - 5. Suppose 2*b - 13 = 5. Let p be d(b). Let c be ((-2)/6)/((-3)/45). Calculate the greatest common divisor of p and c.
5
Suppose -3*r - 52 = -4*g - 0*g, 0 = -5*g + 2*r + 72. Let b be (190/(-133))/((4 - 3) + (-47)/42). Calculate the highest common divisor of b and g.
4
Let r = -3006 + 3050. Calculate the highest common factor of r and 473.
11
Let o = 26143 + -15726. What is the greatest common factor of 11 and o?
11
Suppose 291365 = 201*a - 43501. What is the highest common divisor of a and 42?
14
Let r = 492 - 432. Calculate the highest common factor of 2540 and r.
20
Suppose -4*n + 5633 = 2*f - 9*n, -5*n + 2794 = f. Calculate the greatest common divisor of f and 53.
53
Let o(x) = -32*x + 3. Let m be o(1). Let q = m - 25. Let w = q - -78. Calculate the greatest common divisor of w and 48.
24
Let z be ((-9471)/28)/(((-3)/(-10))/((-8)/5)). Calculate the greatest common divisor of z and 22.
22
Let n(i) = -10 + 4 - 2*i + 2 - 8. Let a = -97 + 88. Let h be n(a). What is the greatest common divisor of h and 3?
3
Suppose -37*n + 102*n + 62*n - 131445 = 0. Calculate the greatest common factor of n and 765.
45
Suppose -z - 5*o + 966 = 0, 2*z + o = -0*o + 1905. Let j = z + -559. Calculate the greatest common factor of 56 and j.
56
Let h be 2/(-12) - 109/(-6). Suppose 127 = h*a - 449. Calculate the greatest common divisor of 80 and a.
16
Let s = -19220 - -19246. Calculate the highest common factor of 2457 and s.
13
Let w(a) = -a**3 + a + 35. Let s be w(0). Suppose 17*p = 14*p + 24. Suppose -5*o + 7 = -p, h - 5*o = 230. Calculate the highest common divisor of h and s.
35
Suppose 9715*x - 9639*x - 22800 = 0. Calculate the highest common factor of 20800 and x.
100
Let g = 108 + -74. Let r = 5959 + -5942. Calculate the greatest common factor of g and r.
17
Let g = 1868 - 1793. What is the